 35. Give v(-1).
-296
Let p(i) = -416691*i + 3333523. Calculate p(8).
-5
Let u(o) = -76*o - 875. What is u(-19)?
569
Let m(u) = 211*u + 151. What is m(0)?
151
Let p(v) = 237184*v + 1660452. What is p(-7)?
164
Let v(u) = 76*u - 7678. Determine v(116).
1138
Let u(f) = -f**2 - 1740*f + 98673. Determine u(55).
-52
Let c(m) = -9*m**3 - 2*m**2 + 7*m + 11. What is c(4)?
-569
Let g(t) = -t**2 - 10686*t - 85367. Calculate g(-8).
57
Let s(u) = 56121*u - 392847. Determine s(7).
0
Let r(t) = -3*t**3 + 2844*t**2 + 2793*t + 51237. Determine r(949).
-9
Let r(m) = 2*m**3 + 22*m**2 + 27*m - 18. Give r(-2).
0
Let n(d) = 2602*d + 104219. Give n(-40).
139
Let m(q) = -9*q**2 - 233*q - 1371. Calculate m(-10).
59
Let x(m) = -137353*m - 549407. Give x(-4).
5
Let k(f) = -107*f**2 - 456*f - 7. What is k(-6)?
-1123
Let w(z) = -825*z - 1790. Calculate w(-2).
-140
Let j(r) = 202*r - 781. Give j(3).
-175
Let a(j) = -j**2 + 115*j + 21182. What is a(-99)?
-4
Let g(v) = 5*v**2 - 4332*v + 63845. Calculate g(15).
-10
Let n(o) = -o**3 - 10*o**2 + 97*o - 105. Determine n(-12).
-981
Let b(l) = l**3 - 2*l**2 - 95*l - 78. Determine b(12).
222
Let c(s) = -s**3 - 20*s**2 - 49*s - 175. What is c(-16)?
-415
Let d(i) = i**3 - 20*i**2 - 72*i - 8. Determine d(-4).
-104
Let d(p) = p**3 + 58*p**2 - 292*p + 4291. Give d(-64).
-1597
Let i(x) = 7252*x - 812216. Give i(112).
8
Let t(d) = d**2 + 5478*d + 174321. Calculate t(-32).
49
Let j(r) = 4*r**3 + 255*r**2 + 1401*r + 99. Give j(-6).
9
Let u(k) = 924*k - 63680. Calculate u(69).
76
Let h(v) = -121*v**2 - 10026*v - 315. Calculate h(-83).
-1726
Let a(s) = s**3 + 14*s**2 + 1212*s + 12978. Give a(-11).
9
Let q(y) = -5*y**2 - 41*y + 222. Calculate q(5).
-108
Let n(m) = 15*m**2 + 17617*m + 217294. Calculate n(-1162).
0
Let s(o) = -2*o**2 - 74811*o - 673244. Give s(-9).
-107
Let r(f) = 386467*f + 10434617. Calculate r(-27).
8
Let a(d) = -373*d**2 - 32*d + 403. Calculate a(1).
-2
Let i(l) = -240*l + 3954. What is i(16)?
114
Let v(l) = -157*l - 6939. Determine v(-42).
-345
Let r(p) = p**2 - 14263*p + 128266. Calculate r(9).
-20
Let x(k) = 1890471*k + 69947427. What is x(-37)?
0
Let n(y) = y**3 + 39*y**2 - 390*y - 5634. Determine n(-45).
-234
Let v(g) = -57*g**2 - 11151*g + 4119. Calculate v(-196).
3
Let j(x) = 4*x**2 - 463*x + 2341. Calculate j(5).
126
Let t(y) = -4*y**2 + 2809*y - 347410. Determine t(542).
12
Let b(z) = -3448*z - 17238. Calculate b(-5).
2
Let f(v) = 258*v**2 - 33285*v + 278. What is f(129)?
-109
Let z(o) = o**3 - 224*o**2 - 3038*o - 10717. What is z(237)?
-526
Let g(q) = -43568*q + 348305. Give g(8).
-239
Let w(i) = i**3 + 31*i**2 + 114*i + 1553. What is w(-28)?
713
Let d(v) = 4*v**2 + 18*v - 44. What is d(1)?
-22
Let k(m) = -128*m**3 - 40599*m**2 - 7290*m + 324. What is k(-317)?
7
Let j(v) = -42*v - 5556. Calculate j(-141).
366
Let g(q) = 4*q**3 - 57*q**2 + 2*q. What is g(-3)?
-627
Let l(q) = 8*q**2 + 1567*q - 3341. Determine l(-198).
25
Let j(m) = 4*m**2 + 534647*m - 3208040. What is j(6)?
-14
Let h(f) = 267*f**2 - 4004*f - 35. Determine h(15).
-20
Let g(t) = 2*t**2 + 7166*t - 1276064. Calculate g(170).
-44
Let y(j) = -j**3 - 36*j**2 + 20*j + 3141. Give y(-34).
149
Let c(s) = -3*s**3 + 32*s**2 + 2390*s - 320. Determine c(34).
20
Let p(m) = -3*m**2 + 235*m - 1258. Determine p(53).
2770
Let s(u) = -2555*u - 20517. What is s(-8)?
-77
Let t(j) = -3873*j + 309762. Calculate t(80).
-78
Let t(s) = 1039*s - 1418. What is t(1)?
-379
Let k(z) = z**2 + 105030*z - 5253996. Determine k(50).
4
Let f(s) = 167*s**3 + 1019*s**2 - 13*s + 7. Determine f(-6).
697
Let v(u) = 66*u - 8186. Give v(126).
130
Let t(u) = 190*u**2 + 5369*u + 5368. What is t(-1)?
189
Let p(v) = -v**3 + 32*v**2 - 122*v + 308. Give p(28).
28
Let d(m) = m**2 + 6153*m - 473385. Calculate d(76).
19
Let o(c) = c**3 - 19*c**2 - 110*c - 87. Calculate o(23).
-501
Let i(n) = -n**3 + 7*n**2 + 14*n - 96. Calculate i(-4).
24
Let d(r) = 1074*r + 51486. What is d(-48)?
-66
Let a(h) = -41447*h + 3232859. Give a(78).
-7
Let z(i) = -4*i**2 + 686*i - 2681. Give z(4).
-1
Let q(c) = 3684*c + 158426. Determine q(-43).
14
Let f(v) = -v**2 - 84*v + 2424. Give f(-107).
-37
Let x(a) = 25*a**2 + 426*a - 17. What is x(-19)?
914
Let l(j) = -7*j**3 + 8591*j**2 - 45212*j - 2469. What is l(1222)?
-25
Let s(x) = 65555*x - 721097. Determine s(11).
8
Let l(z) = z**2 - 999*z + 40173. Calculate l(42).
-21
Let s(p) = 2*p**3 - 76*p**2 + 101*p + 17. What is s(0)?
17
Let g(n) = n**3 + 152*n**2 + 5614*n + 133. Determine g(-63).
-308
Let n(p) = -p**3 + 36*p**2 - 63*p + 200. Give n(34).
370
Let t(x) = -x**3 + x**2 + 609*x + 4872. Calculate t(-9).
201
Let z(i) = i**3 + 124*i**2 - 2098*i - 1820. Determine z(-139).
-13
Let q(t) = 6*t**2 - 1329. Give q(-10).
-729
Let p(b) = 10432*b + 52333. What is p(-5)?
173
Let l(p) = -5*p**3 - 254*p**2 + 48*p - 111. Determine l(-51).
42
Let b(w) = 54*w**2 + 794*w - 235. Give b(-15).
5
Let p(j) = j**3 - 185*j**2 - 227*j + 7116. Determine p(186).
-510
Let g(c) = -c**3 + 20*c**2 + 5*c - 72. Determine g(7).
600
Let n(v) = 2*v**2 - 24*v + 71. Calculate n(13).
97
Let b(w) = -2*w**3 + 1326*w**2 + 2903*w + 507. What is b(-2)?
21
Let x(a) = -a**2 + 104*a + 378. Calculate x(62).
2982
Let c(f) = 20234*f - 222575. Give c(11).
-1
Let h(u) = 1033*u - 51621. Give h(50).
29
Let u(n) = 45*n**2 - 368*n - 90. Calculate u(11).
1307
Let v(i) = 1345*i + 49654. What is v(-37)?
-111
Let a(h) = 2*h**2 + 145*h + 1591. Give a(-65).
616
Let g(i) = 412*i + 362. Calculate g(-4).
-1286
Let t(h) = 7*h**2 - 9*h - 46. Calculate t(5).
84
Let z(r) = r**3 - 3*r**2 - 53*r + 245. Give z(0).
245
Let b(l) = l**2 - 31918*l + 5965264. Give b(188).
24
Let u(a) = 22*a**3 - 4*a**2 - 18*a + 2. Calculate u(0).
2
Let d(f) = -642*f - 179115. What is d(-279)?
3
Let z(d) = -8*d**3 - 36*d**2 + 6*d - 12. What is z(-6)?
384
Let h(v) = -v**3 - 57*v**2 + 175*v + 7. Determine h(3).
-8
Let i(m) = -2*m**3 - 231*m**2 - 3730*m + 1338. Give i(-96).
-6
Let l(q) = -q**2 - 1825*q - 36545. Calculate l(-20).
-445
Let m(j) = -j**2 - 2505*j + 373078. Determine m(141).
-8
Let v(w) = 22593*w - 293714. What is v(13)?
-5
Let a(z) = 18441*z - 148109. Calculate a(8).
-581
Let d(s) = s**3 + 21*s**2 - 70*s + 1981. Give d(-25).
1231
Let t(q) = -190*q + 12501. Calculate t(66).
-39
Let k(f) = 29832*f - 59652. What is k(2)?
12
Let n(y) = -22866*y + 14176927. Calculate n(620).
7
Let j(k) = -k**3 + 45*k**2 + 1077*k - 44683. Determine j(48).
101
Let c(p) = -30*p + 1517. Calculate c(-44).
2837
Let t(p) = 326*p + 5243. Calculate t(-16).
27
Let a(d) = -1567*d + 3750. Calculate a(3).
-951
Let i(r) = -r**3 - 381*r**2 - 7615*r + 6239. Calculate i(-22).
13
Let i(l) = 56*l**2 - 21*l - 13997. Determine i(16).
3
Let o(p) = -12*p**2 - 1604*p - 42920. Calculate o(-37).
0
Let w(k) = -11923*k + 71127. Calculate w(6).
-411
Let y(g) = -g**3 + 6*g**2 + 370*g - 5307. Calculate y(14).
-1695
Let s(k) = 2*k**2 - 116*k + 940. Determine s(48).
-20
Let l(g) = 179401*g - 2690981. What is l(15)?
34
Let r(s) = s**2 - 1744*s - 369597. Give r(-191).
-12
Let a(u) = u**3 - 21*u**2 - 2915*u + 24145. Calculate a(8).
-7
Let g(m) = -5254*m**2 - 42029*m + 10. Determine g(-8).
-14
Let n(a) = 29*a**3 + 4*a**2 + 8*a - 24. Determine n(3).
819
Let r(t) = t**3 + 21*t**2 - 586*t - 117. What is r(16)?
-21
Let c(y) = -39*y**2 + 3395*y - 119. What is c(87)?
55
Let r(q) = 46*q**2 + 1764*q - 9981. What is r(5)?
-11
Let i(a) = -93*a**2 - 2559*a + 1261. What is i(-28)?
1
Let k(t) = -t**2 - 468*t + 24150. Give k(45).
1065
Let x(m) = m**2 + 23*m + 136. Calculate x(21).
1060
Let q(t) = 2*t**3 + 220*t**2 + 655*t + 1328. What is q(-107)?
-63
Let y(r) = 8*r**3 + 85*r**2 - 101*r - 1429. Give y(-10).
81
Let h(o) = o**3 + 24*o**2 - 3877*o - 89688. What is h(-23)?
12
Let b(u) = 2*u**3 + 1049*u**2 - 556*u - 16271. Calculate b(-525).
4
Let f(q) = -q**2 - 353541*q - 1767695. Determine f(-5).
-15
Let c(y) = -528*y + 120826. Give c(229).
-86
Let p(y) = -670*y**2 - 684*y - 3. What is p(-1)?
11
Let y(n) = 20*n**2 - 1253*n - 3749. What is y(-3)?
190
Let a(m) = -3*m**2 + 618*m + 7917. Calculate a(218).
69
Let f(a) = -7*a**3 - 316*a**2 - 349*a - 92. What is f(-44)?
-224
Let o(j) = j**3 + 188*j**2 - 1129*j - 31662. Calculate o(-193).
-10
Let p(l) = 4672*l + 925284. What is p(-198)?
228
Let a(q) = q**3 + 8*q**2 - 60*q - 1643. Calculate a